2034 (base 6) to base 15
-2636d
What is -431515 (base 8) in base 15?
-2cada
What is 103082 (base 9) in base 5?
3430220
12438236 (base 9) to base 6
334524353
7eb1e (base 16) to base 8
1765436
What is -1103230123 (base 4) in base 12?
-146477
What is 10526786 (base 10) in base 5?
10143324121
-dc2d (base 14) to base 3
-1221012211
Convert 130047 (base 10) to base 6.
2442023
Convert -103721 (base 12) to base 3.
-110221212021
What is 2409b2 (base 15) in base 16?
1a4c32
2011000110 (base 3) to base 10
42294
Convert -11102322310 (base 4) to base 10.
-1388212
Convert 20002012100022 (base 3) to base 6.
153134312
What is -1233343 (base 6) in base 14?
-1a531
Convert 8023086 (base 9) to base 14.
7d0dd9
11044032 (base 8) to base 14
45c758
Convert 1300371 (base 9) to base 3.
1100000102101
What is -202201101 (base 5) in base 3?
-1112121022200
-141145203 (base 7) to base 9
-18278610
What is 2200120121 (base 4) in base 5?
132010141
Convert -12250b4 (base 13) to base 16.
-560611
Convert 13573657 (base 9) to base 10.
6721189
What is 534bc7 (base 14) in base 13?
778683
What is -43111411 (base 5) in base 2?
-1011000101101011100
What is 349979 (base 10) in base 9?
583065
What is -2311819 (base 10) in base 8?
-10643213
Convert -12122202022 (base 3) to base 6.
-2215312
What is 517865 (base 9) in base 2?
1001011000110100000
Convert 157457 (base 14) to base 11.
472514
What is 3400405 (base 8) in base 10?
917765
313310030 (base 4) to base 13
800a2
What is 5d51 (base 14) in base 5?
1010324
What is 5ef234 (base 16) in base 10?
6222388
147390 (base 11) to base 4
320000102
19a371 (base 13) to base 16
9ee9f
Convert a879 (base 16) to base 10.
43129
24177 (base 12) to base 8
136753
Convert -73288 (base 14) to base 12.
-114820
-10ad992 (base 14) to base 16
-79539c
Convert 321204211 (base 5) to base 3.
2112121121121
8e0aae (base 15) to base 8
31706164
What is -10011011110010011 (base 2) in base 15?
-18978
Convert -772774 (base 10) to base 2.
-10111100101010100110
Convert -20531 (base 9) to base 12.
-7a17
What is 3105eb (base 16) in base 15?
436e04
What is 52098 (base 11) in base 3?
10212012212
Convert -12020000202210 (base 3) to base 16.
-2a5b38
What is -53033201 (base 6) in base 15?
-207857
Convert 6692 (base 16) to base 2.
110011010010010
1110211023 (base 4) to base 5
42041233
10000100100111101001 (base 2) to base 11
341137
-331022102 (base 4) to base 15
-4e35e
-140014212 (base 5) to base 7
-5662242
Convert -56711003 (base 8) to base 2.
-101110111001001000000011
What is -24034130 (base 5) in base 3?
-102020101022
Convert 111212 (base 9) to base 10.
66512
1310142300 (base 5) to base 11
18a2031
561261 (base 12) to base 11
85688a
61663 (base 14) to base 7
1664453
What is -15c68 (base 16) in base 7?
-521015
Convert 288444 (base 9) to base 8.
531216
What is 18023551 (base 9) in base 10?
9050257
What is 617d (base 14) in base 2?
100000110000011
What is 10a938 (base 12) in base 13?
94973
Convert 10010010011110110100011 (base 2) to base 5.
2212044112
Convert -b039b9 (base 12) to base 16.
-29dddd
Convert -464bb (base 13) to base 5.
-13101011
-115434250 (base 6) to base 11
-1292583
33822 (base 14) to base 4
132202112
What is 9a4b (base 14) in base 6?
323415
Convert -202210000221 (base 3) to base 7.
-3322255
What is aa87a1 (base 12) in base 16?
295c69
What is -125670 (base 9) in base 16?
-12a4d
254111 (base 10) to base 9
426515
Convert -11113134201 (base 5) to base 6.
-1114202154
What is -10011100111100000 (base 2) in base 3?
-11002020000
Convert 20251444 (base 6) to base 9.
1076671
-165406 (base 14) to base 3
-1110202211201
Convert -1031103233 (base 4) to base 3.
-121002100222
1341303 (base 5) to base 3
1102000001
Convert 321203 (base 4) to base 3.
12001102
Convert 2132034 (base 11) to base 2.
1110010011101110001011
Convert 168848 (base 12) to base 13.
107969
Convert 2400 (base 10) to base 8.
4540
240634 (base 11) to base 7
3146016
What is -7240110 (base 8) in base 2?
-111010100000001001000
Convert 5a4a7a (base 11) to base 4.
3221331032
Convert 4582c9 (base 15) to base 11.
1967074
255881 (base 10) to base 2
111110011110001001
What is -342631 (base 9) in base 13?
-72622
107c5a5 (base 14) to base 4
131320032311
What is 50531321 (base 7) in base 10?
4209458
What is -4405045 (base 6) in base 5?
-24000322
325013503 (base 6) to base 7
100406055
Convert -564172 (base 11) to base 12.
-374055
-24066523 (base 7) to base 15
-2c263d
Convert 3141d0 (base 16) to base 5.
1311244422
Convert -1320251 (base 6) to base 2.
-10001101111100111
-6e4ad2 (base 16) to base 8
-33445322
Convert -502414 (base 8) to base 16.
-2850c
-11000010000001111101111 (base 2) to base 14
-bb70ab
What is -1011210020000 (base 3) in base 13?
-18ba06
What is -4034044 (base 6) in base 13?
-69175
What is -201022002002000 (base 3) in base 2?
-100111000111111111100011
-31759 (base 12) to base 3
-10022011220
What is -a443b (base 14) in base 10?
-395973
What is 3116108 (base 10) in base 6?
150442232
Convert a8247 (base 13) to base 4.
1022013133
-3191 (base 12) to base 6
-41101
-54d72 (base 16) to base 15
-6ce71
What is 303015 (base 8) in base 4?
120120031
74774a (base 11) to base 12
498263
What is -3110211 (base 5) in base 10?
-50681
What is 10282606 (base 9) in base 5?
2232034010
Convert 3db83d (base 16) to base 8.
17334075
Convert -3b8d9 (base 15) to base 10.
-191004
142587 (base 10) to base 8
426373
What is -2b51a (base 14) in base 4?
-122113310
Convert -111003100 (base 4) to base 3.
-11101021111
What is -13112320130 (base 4) in base 7?
-22252061
1793327 (base 10) to base 3
10101002222112
What is -1101001010010011010110 (base 2) in base 13?
-93a480
Convert -257724 (base 9) to base 5.
-20002340
110022033232 (base 4) to base 5
2323103341
150ca44 (base 13) to base 10
6711384
111dda2 (base 14) to base 7
126136562
What is 3311314440 (base 5) in base 2?
11011001110000110000100
What is -7240078 (base 9) in base 10?
-3864500
What is -aa277 (base 15) in base 13?
-15c079
What is -35027 (base 13) in base 16?
-179bd
-363354 (base 7) to base 13
-240a2
-129616 (base 10) to base 3
-20120210121
Convert 101120101001 (base 3) to base 7.
1524343
What is 9dc2 (base 16) in base 14?
10a0a
-1322314 (base 14) to base 7
-141263524
Convert db783 (base 14) to base 15.
a7554
Convert -11001110011011100100000 (base 2) to base 5.
-3212424240
-3a6 (base 11) to base 8
-737
What is -23231220 (base 4) in base 3?
-2102210220
9b8760 (base 12) to base 4
21132010320
What is -81b95b (base 12) in base 3?
-10211020001122
Convert 971b3 (base 14) to base 7.
3051013
Convert -3c35e (base 15) to base 4.
-233021303
Convert 1011101101100111 (base 2) to base 6.
1010035
Convert 5c3762 (base 16) to base 4.
113003131202
-1220010000221 (base 3) to base 7
-11360035
What is 2000121110211 (base 3) in base 11?
674645
-16140351 (base 9) to base 2
-11110101111000101101101
-101220022010 (base 3) to base 5
-23331140
What is 110100010101101101 (base 2) in base 3?
101220002001
Convert 201141321 (base 5) to base 8.
3037627
Convert 1032103311 (base 4) to base 16.
4e4f5
What is -666644 (base 7) in base 3?
-12222100202
What is eaa6f (base 16) in base 13?
278626
Convert 61100 (base 13) to base 9.
284275
Convert -57040 (base 12) to base 5.
-12201244
-35135522 (base 6) to base 10
-1086026
Convert -6b034 (base 12) to base 13.
-503b9
757d16 (base 15) to base 7
65362614
What is -11011111000010111111011 (base 2) in base 13?
-168b940
-131310222313 (base 4) to base 11
-445a792
What is -251586b (base 12) in base 2?
-11011101001001110010011
What is 15771 (base 11) in base 10?
22221
What is 1000000011001101001110 (base 2) in base 5?
1020012121
-15a4a35 (base 13) to base 11
-3a37805
What is -a135d (base 14) in base 12?
-16835b
What is 21441131 (base 6) in base 8?
2350017
20021201112 (base 3) to base 4
132031100
111145241 (base 7) to base 3
110200010122112
What is 101010201102111 (base 3) in base 13?
1168354
Convert 624b9 (base 12) to base 10.
128589
Convert -53cc0 (base 16) to base 5.
-41440412
Convert -1005564 (base 7) to base 5.
-12312110
3ca9e5 (base 16) to base 12
13b8885
What is 4476271 (base 8) in base 5?
302232302
364305 (base 8) to base 5
13001000
1414273 (base 8) to base 14
a5871
Convert 1011011101110111100110 (base 2) to base 15.
3e59a1
Convert b1745a (base 14) to base 6.
332015544
What is -11100100110